{"id":1052,"date":"2022-12-13T01:23:47","date_gmt":"2022-12-12T22:23:47","guid":{"rendered":"https:\/\/www.eserkimya.com.tr\/?page_id=1052"},"modified":"2022-12-13T01:24:48","modified_gmt":"2022-12-12T22:24:48","slug":"faaliyet-alanlarimiz","status":"publish","type":"page","link":"https:\/\/www.eserkimya.com.tr\/?page_id=1052","title":{"rendered":"Faaliyet Alanlar\u0131m\u0131z"},"content":{"rendered":"\t\t<div data-elementor-type=\"wp-page\" data-elementor-id=\"1052\" class=\"elementor elementor-1052\">\n\t\t\t\t\t\t\t\t\t<section class=\"elementor-section elementor-top-section elementor-element elementor-element-2ca16e6c elementor-section-height-min-height elementor-section-content-middle elementor-hidden-tablet elementor-hidden-mobile elementor-section-boxed elementor-section-height-default elementor-section-items-middle\" data-id=\"2ca16e6c\" data-element_type=\"section\" data-settings=\"{&quot;background_background&quot;:&quot;classic&quot;}\">\n\t\t\t\t\t\t\t<div class=\"elementor-background-overlay\"><\/div>\n\t\t\t\t\t\t\t<div class=\"elementor-container elementor-column-gap-no\">\n\t\t\t\t\t<div class=\"elementor-column elementor-col-100 elementor-top-column elementor-element elementor-element-23fd428\" data-id=\"23fd428\" data-element_type=\"column\">\n\t\t\t<div class=\"elementor-widget-wrap\">\n\t\t\t\t\t\t\t\t\t<\/div>\n\t\t<\/div>\n\t\t\t\t\t\t\t<\/div>\n\t\t<\/section>\n\t\t\t\t<section class=\"elementor-section elementor-top-section elementor-element elementor-element-509e24df elementor-section-boxed elementor-section-height-default elementor-section-height-default\" data-id=\"509e24df\" data-element_type=\"section\">\n\t\t\t\t\t\t<div class=\"elementor-container elementor-column-gap-default\">\n\t\t\t\t\t<div class=\"elementor-column elementor-col-100 elementor-top-column elementor-element elementor-element-74753fbe\" data-id=\"74753fbe\" data-element_type=\"column\">\n\t\t\t<div class=\"elementor-widget-wrap elementor-element-populated\">\n\t\t\t\t\t\t\t\t<div class=\"elementor-element elementor-element-7eb6da12 elementor-widget elementor-widget-hub_fancy_heading\" data-id=\"7eb6da12\" data-element_type=\"widget\" data-widget_type=\"hub_fancy_heading.default\">\n\t\t\t\t<div class=\"elementor-widget-container\">\n\t\t\t\n\t\t<div id=\"ld-fancy-heading-6a096fdbdcd8a\" class=\"ld-fancy-heading pos-rel\">\n\t\t\t<h4 class=\"ld-fh-element d-inline-block pos-rel  elementor-heading-title lqd-highlight-classic lqd-highlight-grow-left h4\"  > FAAL\u0130YET ALANLARIMIZ<\/h4>\t\t<\/div>\n\n\t\t\t\t<\/div>\n\t\t\t\t<\/div>\n\t\t\t\t\t<\/div>\n\t\t<\/div>\n\t\t\t\t\t\t\t<\/div>\n\t\t<\/section>\n\t\t\t\t<section class=\"elementor-section elementor-top-section elementor-element elementor-element-360bff67 elementor-section-boxed elementor-section-height-default elementor-section-height-default\" data-id=\"360bff67\" data-element_type=\"section\">\n\t\t\t\t\t\t<div class=\"elementor-container elementor-column-gap-default\">\n\t\t\t\t\t<div class=\"elementor-column elementor-col-33 elementor-top-column elementor-element elementor-element-5ba3941b\" data-id=\"5ba3941b\" data-element_type=\"column\">\n\t\t\t<div class=\"elementor-widget-wrap elementor-element-populated\">\n\t\t\t\t\t\t\t\t<div class=\"elementor-element elementor-element-62052b26 elementor-widget elementor-widget-ld_content_box\" data-id=\"62052b26\" data-element_type=\"widget\" data-widget_type=\"ld_content_box.default\">\n\t\t\t\t<div class=\"elementor-widget-container\">\n\t\t\t \n\n\t\t<div class=\"lqd-fb pos-rel lqd-fb-style-4 lqd-fb-zoom-img-onhover\"  >\n\t\t\t\t\t<div class=\"lqd-fb-inner\">\n\n\t\t\t\t<div class=\"lqd-fb-img pos-rel overflow-hidden\">\n\t\t\t\t\t\n\t\t\t\t\t<figure class=\"w-100\">\n\t\t\t\t\t\t<img decoding=\"async\" class=\"w-100\" src=\"https:\/\/www.eserkimya.com.tr\/wp-content\/uploads\/2022\/12\/insaat-2111207.jpg\">\t\t\t\t\t<\/figure>\n\t\t\t\t\t\t\n\t\t\t\t\t\n\t\t\t\t<\/div>\n\n\t\t\t\t<div class=\"lqd-fb-content pos-rel\">\n\t\t\t\t\t<div class=\"lqd-fb-bg lqd-overlay\"><\/div>\n\t\t\t\t\t<div class=\"lqd-fb-hover-overlay lqd-overlay\"><\/div>\n\t\t\t\t\t<div class=\"lqd-fb-content-inner pos-rel text-center p-5\">\n\n\t\t\t\t\t\t<h2 class=\"lqd-fb__title mt-0 mb-3 font-weight-normal \">\u0130n\u015faat<\/h2>\t\t\t\t\t\t\n\t\t\t\t\t\t\t\t\t\t\t\t<p class=\"mt-0 mb-0\"> Banyo aksesuarlari, musluk vb. armat\u00fcrler, radyat\u00f6rler, kapi ve pencere kollari, mentese vb. b\u00fct\u00fcn metal baglanti par\u00e7alarinin dekoratif ve korozyon ama\u00e7li kaplamalari<\/p>\n\t\t\t\t\t\t\n\t\t\t\t\t<\/div>\n\t\t\t\t\t\n\t\t\t\t\t\n\t\t\t\t\t\t\t\t\t\t\n\t\t\t\t<\/div>\n\n\t\t\t<\/div>\n\t\t\t \n\t\t<\/div>\n\t\t\t\t<\/div>\n\t\t\t\t<\/div>\n\t\t\t\t\t<\/div>\n\t\t<\/div>\n\t\t\t\t<div class=\"elementor-column elementor-col-33 elementor-top-column elementor-element elementor-element-3020bcf6\" data-id=\"3020bcf6\" data-element_type=\"column\">\n\t\t\t<div class=\"elementor-widget-wrap elementor-element-populated\">\n\t\t\t\t\t\t\t\t<div class=\"elementor-element elementor-element-329b7de7 elementor-widget elementor-widget-ld_content_box\" data-id=\"329b7de7\" data-element_type=\"widget\" data-widget_type=\"ld_content_box.default\">\n\t\t\t\t<div class=\"elementor-widget-container\">\n\t\t\t \n\n\t\t<div class=\"lqd-fb pos-rel lqd-fb-style-4 lqd-fb-zoom-img-onhover\"  >\n\t\t\t\t\t<div class=\"lqd-fb-inner\">\n\n\t\t\t\t<div class=\"lqd-fb-img pos-rel overflow-hidden\">\n\t\t\t\t\t\n\t\t\t\t\t<figure class=\"w-100\">\n\t\t\t\t\t\t<img decoding=\"async\" class=\"w-100\" src=\"https:\/\/www.eserkimya.com.tr\/wp-content\/uploads\/2022\/12\/tekstil-ve-moda-tasarimi-800x553-1.jpg\">\t\t\t\t\t<\/figure>\n\t\t\t\t\t\t\n\t\t\t\t\t\n\t\t\t\t<\/div>\n\n\t\t\t\t<div class=\"lqd-fb-content pos-rel\">\n\t\t\t\t\t<div class=\"lqd-fb-bg lqd-overlay\"><\/div>\n\t\t\t\t\t<div class=\"lqd-fb-hover-overlay lqd-overlay\"><\/div>\n\t\t\t\t\t<div class=\"lqd-fb-content-inner pos-rel text-center p-5\">\n\n\t\t\t\t\t\t<h2 class=\"lqd-fb__title mt-0 mb-3 font-weight-normal \">Tekstil ve Moda<\/h2>\t\t\t\t\t\t\n\t\t\t\t\t\t\t\t\t\t\t\t<p class=\"mt-0 mb-0\"> Fermuar, kemer tokasi, diger giyim aksesuarlari, g\u00f6zl\u00fck, s\u00fcs esyalari, bijuteri ve m\u00fccevherat i\u00e7in nikelsiz bronz, altin, g\u00fcm\u00fcs ve rodyum kaplamalar.<\/p>\n\t\t\t\t\t\t\n\t\t\t\t\t<\/div>\n\t\t\t\t\t\n\t\t\t\t\t\n\t\t\t\t\t\t\t\t\t\t\n\t\t\t\t<\/div>\n\n\t\t\t<\/div>\n\t\t\t \n\t\t<\/div>\n\t\t\t\t<\/div>\n\t\t\t\t<\/div>\n\t\t\t\t\t<\/div>\n\t\t<\/div>\n\t\t\t\t<div class=\"elementor-column elementor-col-33 elementor-top-column elementor-element elementor-element-2f4b8f83\" data-id=\"2f4b8f83\" data-element_type=\"column\">\n\t\t\t<div class=\"elementor-widget-wrap elementor-element-populated\">\n\t\t\t\t\t\t\t\t<div class=\"elementor-element elementor-element-6809ab0b elementor-widget elementor-widget-ld_content_box\" data-id=\"6809ab0b\" data-element_type=\"widget\" data-widget_type=\"ld_content_box.default\">\n\t\t\t\t<div class=\"elementor-widget-container\">\n\t\t\t \n\n\t\t<div class=\"lqd-fb pos-rel lqd-fb-style-4 lqd-fb-zoom-img-onhover\"  >\n\t\t\t\t\t<div class=\"lqd-fb-inner\">\n\n\t\t\t\t<div class=\"lqd-fb-img pos-rel overflow-hidden\">\n\t\t\t\t\t\n\t\t\t\t\t<figure class=\"w-100\">\n\t\t\t\t\t\t<img decoding=\"async\" class=\"w-100\" src=\"https:\/\/www.eserkimya.com.tr\/wp-content\/uploads\/2022\/12\/kapak_113617.jpeg\">\t\t\t\t\t<\/figure>\n\t\t\t\t\t\t\n\t\t\t\t\t\n\t\t\t\t<\/div>\n\n\t\t\t\t<div class=\"lqd-fb-content pos-rel\">\n\t\t\t\t\t<div class=\"lqd-fb-bg lqd-overlay\"><\/div>\n\t\t\t\t\t<div class=\"lqd-fb-hover-overlay lqd-overlay\"><\/div>\n\t\t\t\t\t<div class=\"lqd-fb-content-inner pos-rel text-center p-5\">\n\n\t\t\t\t\t\t<h2 class=\"lqd-fb__title mt-0 mb-3 font-weight-normal \">Ev E\u015fyalar\u0131<\/h2>\t\t\t\t\t\t\n\t\t\t\t\t\t\t\t\t\t\t\t<p class=\"mt-0 mb-0\"> Buzdolabi, firin vb. beyaz esya par\u00e7alarinin krom veya \u00e7inko kaplamalari, ahsap ve metal mobilyalarin kromajli kisimlarinin kaplamalari.<\/p>\n\t\t\t\t\t\t\n\t\t\t\t\t<\/div>\n\t\t\t\t\t\n\t\t\t\t\t\n\t\t\t\t\t\t\t\t\t\t\n\t\t\t\t<\/div>\n\n\t\t\t<\/div>\n\t\t\t \n\t\t<\/div>\n\t\t\t\t<\/div>\n\t\t\t\t<\/div>\n\t\t\t\t\t<\/div>\n\t\t<\/div>\n\t\t\t\t<div class=\"elementor-column elementor-col-33 elementor-top-column elementor-element elementor-element-3203f6aa\" data-id=\"3203f6aa\" data-element_type=\"column\">\n\t\t\t<div class=\"elementor-widget-wrap elementor-element-populated\">\n\t\t\t\t\t\t\t\t<div class=\"elementor-element elementor-element-78041a03 elementor-widget elementor-widget-ld_content_box\" data-id=\"78041a03\" data-element_type=\"widget\" data-widget_type=\"ld_content_box.default\">\n\t\t\t\t<div class=\"elementor-widget-container\">\n\t\t\t \n\n\t\t<div class=\"lqd-fb pos-rel lqd-fb-style-4 lqd-fb-zoom-img-onhover\"  >\n\t\t\t\t\t<div class=\"lqd-fb-inner\">\n\n\t\t\t\t<div class=\"lqd-fb-img pos-rel overflow-hidden\">\n\t\t\t\t\t\n\t\t\t\t\t<figure class=\"w-100\">\n\t\t\t\t\t\t<img decoding=\"async\" class=\"w-100\" src=\"https:\/\/www.eserkimya.com.tr\/wp-content\/uploads\/2022\/12\/1_VO8rbnxGdkcNMhwN-NI8qw.jpeg\">\t\t\t\t\t<\/figure>\n\t\t\t\t\t\t\n\t\t\t\t\t\n\t\t\t\t<\/div>\n\n\t\t\t\t<div class=\"lqd-fb-content pos-rel\">\n\t\t\t\t\t<div class=\"lqd-fb-bg lqd-overlay\"><\/div>\n\t\t\t\t\t<div class=\"lqd-fb-hover-overlay lqd-overlay\"><\/div>\n\t\t\t\t\t<div class=\"lqd-fb-content-inner pos-rel text-center p-5\">\n\n\t\t\t\t\t\t<h2 class=\"lqd-fb__title mt-0 mb-3 font-weight-normal \">Matbaa ve Bask\u0131<\/h2>\t\t\t\t\t\t\n\t\t\t\t\t\t\t\t\t\t\t\t<p class=\"mt-0 mb-0\"> Bask\u0131 silindirlerinin nikel, bakir ve krom kaplamalar\u0131.<\/p>\n\t\t\t\t\t\t\n\t\t\t\t\t<\/div>\n\t\t\t\t\t\n\t\t\t\t\t\n\t\t\t\t\t\t\t\t\t\t\n\t\t\t\t<\/div>\n\n\t\t\t<\/div>\n\t\t\t \n\t\t<\/div>\n\t\t\t\t<\/div>\n\t\t\t\t<\/div>\n\t\t\t\t\t<\/div>\n\t\t<\/div>\n\t\t\t\t<div class=\"elementor-column elementor-col-33 elementor-top-column elementor-element elementor-element-1407aff7\" data-id=\"1407aff7\" data-element_type=\"column\">\n\t\t\t<div class=\"elementor-widget-wrap elementor-element-populated\">\n\t\t\t\t\t\t\t\t<div class=\"elementor-element elementor-element-39fd1d0d elementor-widget elementor-widget-ld_content_box\" data-id=\"39fd1d0d\" data-element_type=\"widget\" data-widget_type=\"ld_content_box.default\">\n\t\t\t\t<div class=\"elementor-widget-container\">\n\t\t\t \n\n\t\t<div class=\"lqd-fb pos-rel lqd-fb-style-4 lqd-fb-zoom-img-onhover\"  >\n\t\t\t\t\t<div class=\"lqd-fb-inner\">\n\n\t\t\t\t<div class=\"lqd-fb-img pos-rel overflow-hidden\">\n\t\t\t\t\t\n\t\t\t\t\t<figure class=\"w-100\">\n\t\t\t\t\t\t<img decoding=\"async\" class=\"w-100\" src=\"https:\/\/www.eserkimya.com.tr\/wp-content\/uploads\/2022\/12\/hidrolik-boru-mil-asil-makina-1-min.jpg\">\t\t\t\t\t<\/figure>\n\t\t\t\t\t\t\n\t\t\t\t\t\n\t\t\t\t<\/div>\n\n\t\t\t\t<div class=\"lqd-fb-content pos-rel\">\n\t\t\t\t\t<div class=\"lqd-fb-bg lqd-overlay\"><\/div>\n\t\t\t\t\t<div class=\"lqd-fb-hover-overlay lqd-overlay\"><\/div>\n\t\t\t\t\t<div class=\"lqd-fb-content-inner pos-rel text-center p-5\">\n\n\t\t\t\t\t\t<h2 class=\"lqd-fb__title mt-0 mb-3 font-weight-normal \">A\u011f\u0131r Hizmetler<\/h2>\t\t\t\t\t\t\n\t\t\t\t\t\t\t\t\t\t\t\t<p class=\"mt-0 mb-0\"> Hidrolik miller, kaliplar ve \u00e7esitli is makinelerine ait par\u00e7alarin sert krom ve diger metallerle kaplanmalar\u0131.<\/p>\n\t\t\t\t\t\t\n\t\t\t\t\t<\/div>\n\t\t\t\t\t\n\t\t\t\t\t\n\t\t\t\t\t\t\t\t\t\t\n\t\t\t\t<\/div>\n\n\t\t\t<\/div>\n\t\t\t \n\t\t<\/div>\n\t\t\t\t<\/div>\n\t\t\t\t<\/div>\n\t\t\t\t\t<\/div>\n\t\t<\/div>\n\t\t\t\t<div class=\"elementor-column elementor-col-33 elementor-top-column elementor-element elementor-element-61709240\" data-id=\"61709240\" data-element_type=\"column\">\n\t\t\t<div class=\"elementor-widget-wrap elementor-element-populated\">\n\t\t\t\t\t\t\t\t<div class=\"elementor-element elementor-element-5d99b83f elementor-widget elementor-widget-ld_content_box\" data-id=\"5d99b83f\" data-element_type=\"widget\" data-widget_type=\"ld_content_box.default\">\n\t\t\t\t<div class=\"elementor-widget-container\">\n\t\t\t \n\n\t\t<div class=\"lqd-fb pos-rel lqd-fb-style-4 lqd-fb-zoom-img-onhover\"  >\n\t\t\t\t\t<div class=\"lqd-fb-inner\">\n\n\t\t\t\t<div class=\"lqd-fb-img pos-rel overflow-hidden\">\n\t\t\t\t\t\n\t\t\t\t\t<figure class=\"w-100\">\n\t\t\t\t\t\t<img decoding=\"async\" class=\"w-100\" src=\"https:\/\/www.eserkimya.com.tr\/wp-content\/uploads\/2022\/12\/discos-de-freno-diferencias-y-funciones-680x350-1.jpg\">\t\t\t\t\t<\/figure>\n\t\t\t\t\t\t\n\t\t\t\t\t\n\t\t\t\t<\/div>\n\n\t\t\t\t<div class=\"lqd-fb-content pos-rel\">\n\t\t\t\t\t<div class=\"lqd-fb-bg lqd-overlay\"><\/div>\n\t\t\t\t\t<div class=\"lqd-fb-hover-overlay lqd-overlay\"><\/div>\n\t\t\t\t\t<div class=\"lqd-fb-content-inner pos-rel text-center p-5\">\n\n\t\t\t\t\t\t<h2 class=\"lqd-fb__title mt-0 mb-3 font-weight-normal \">Otomotiv<\/h2>\t\t\t\t\t\t\n\t\t\t\t\t\t\t\t\t\t\t\t<p class=\"mt-0 mb-0\"> Dekoratif g\u00f6r\u00fcn\u00fcml\u00fc metal ve plastik kisimlarin mikro \u00e7atlak krom; amortis\u00f6r mili, fren diski vb. par\u00e7alarin sert krom; civata ve somunlar, motor, fren, dinamo vb elemanlar ile benzeri \u00e7esitli aktarma organlarinin alasimli ve alasimsiz \u00e7inko kaplamalari.<\/p>\n\t\t\t\t\t\t\n\t\t\t\t\t<\/div>\n\t\t\t\t\t\n\t\t\t\t\t\n\t\t\t\t\t\t\t\t\t\t\n\t\t\t\t<\/div>\n\n\t\t\t<\/div>\n\t\t\t \n\t\t<\/div>\n\t\t\t\t<\/div>\n\t\t\t\t<\/div>\n\t\t\t\t\t<\/div>\n\t\t<\/div>\n\t\t\t\t<div class=\"elementor-column elementor-col-33 elementor-top-column elementor-element elementor-element-1f720162\" data-id=\"1f720162\" data-element_type=\"column\">\n\t\t\t<div class=\"elementor-widget-wrap elementor-element-populated\">\n\t\t\t\t\t\t\t\t<div class=\"elementor-element elementor-element-22dd4e64 elementor-widget elementor-widget-ld_content_box\" data-id=\"22dd4e64\" data-element_type=\"widget\" data-widget_type=\"ld_content_box.default\">\n\t\t\t\t<div class=\"elementor-widget-container\">\n\t\t\t \n\n\t\t<div class=\"lqd-fb pos-rel lqd-fb-style-4 lqd-fb-zoom-img-onhover\"  >\n\t\t\t\t\t<div class=\"lqd-fb-inner\">\n\n\t\t\t\t<div class=\"lqd-fb-img pos-rel overflow-hidden\">\n\t\t\t\t\t\n\t\t\t\t\t<figure class=\"w-100\">\n\t\t\t\t\t\t<img decoding=\"async\" class=\"w-100\" src=\"https:\/\/www.eserkimya.com.tr\/wp-content\/uploads\/2022\/12\/Ucak-bakim-muhendisligi.jpeg\">\t\t\t\t\t<\/figure>\n\t\t\t\t\t\t\n\t\t\t\t\t\n\t\t\t\t<\/div>\n\n\t\t\t\t<div class=\"lqd-fb-content pos-rel\">\n\t\t\t\t\t<div class=\"lqd-fb-bg lqd-overlay\"><\/div>\n\t\t\t\t\t<div class=\"lqd-fb-hover-overlay lqd-overlay\"><\/div>\n\t\t\t\t\t<div class=\"lqd-fb-content-inner pos-rel text-center p-5\">\n\n\t\t\t\t\t\t<h2 class=\"lqd-fb__title mt-0 mb-3 font-weight-normal \">Ucak ve Havacilik<\/h2>\t\t\t\t\t\t\n\t\t\t\t\t\t\t\t\t\t\t\t<p class=\"mt-0 mb-0\"> Basta u\u00e7ak motorlarina ait par\u00e7alar olmak \u00fczere, havacilik sekt\u00f6r\u00fcn\u00fcn fonksiyonel y\u00fczey islemleri.<\/p>\n\t\t\t\t\t\t\n\t\t\t\t\t<\/div>\n\t\t\t\t\t\n\t\t\t\t\t\n\t\t\t\t\t\t\t\t\t\t\n\t\t\t\t<\/div>\n\n\t\t\t<\/div>\n\t\t\t \n\t\t<\/div>\n\t\t\t\t<\/div>\n\t\t\t\t<\/div>\n\t\t\t\t\t<\/div>\n\t\t<\/div>\n\t\t\t\t<div class=\"elementor-column elementor-col-33 elementor-top-column elementor-element elementor-element-6014dedc\" data-id=\"6014dedc\" data-element_type=\"column\">\n\t\t\t<div class=\"elementor-widget-wrap elementor-element-populated\">\n\t\t\t\t\t\t\t\t<div class=\"elementor-element elementor-element-4a2363b5 elementor-widget elementor-widget-ld_content_box\" data-id=\"4a2363b5\" data-element_type=\"widget\" data-widget_type=\"ld_content_box.default\">\n\t\t\t\t<div class=\"elementor-widget-container\">\n\t\t\t \n\n\t\t<div class=\"lqd-fb pos-rel lqd-fb-style-4 lqd-fb-zoom-img-onhover\"  >\n\t\t\t\t\t<div class=\"lqd-fb-inner\">\n\n\t\t\t\t<div class=\"lqd-fb-img pos-rel overflow-hidden\">\n\t\t\t\t\t\n\t\t\t\t\t<figure class=\"w-100\">\n\t\t\t\t\t\t<img decoding=\"async\" class=\"w-100\" src=\"https:\/\/www.eserkimya.com.tr\/wp-content\/uploads\/2022\/12\/one-cikan-1.jpg\">\t\t\t\t\t<\/figure>\n\t\t\t\t\t\t\n\t\t\t\t\t\n\t\t\t\t<\/div>\n\n\t\t\t\t<div class=\"lqd-fb-content pos-rel\">\n\t\t\t\t\t<div class=\"lqd-fb-bg lqd-overlay\"><\/div>\n\t\t\t\t\t<div class=\"lqd-fb-hover-overlay lqd-overlay\"><\/div>\n\t\t\t\t\t<div class=\"lqd-fb-content-inner pos-rel text-center p-5\">\n\n\t\t\t\t\t\t<h2 class=\"lqd-fb__title mt-0 mb-3 font-weight-normal \">Elektrik - Elektronik<\/h2>\t\t\t\t\t\t\n\t\t\t\t\t\t\t\t\t\t\t\t<p class=\"mt-0 mb-0\"> Kalay, g\u00fcm\u00fcs, sert altin vb. iletkenlik ama\u00e7li kaplamalar ile bilgisayar, televizyon vb. \u00fcr\u00fcnlere ait par\u00e7alarin kaplamalari.<\/p>\n\t\t\t\t\t\t\n\t\t\t\t\t<\/div>\n\t\t\t\t\t\n\t\t\t\t\t\n\t\t\t\t\t\t\t\t\t\t\n\t\t\t\t<\/div>\n\n\t\t\t<\/div>\n\t\t\t \n\t\t<\/div>\n\t\t\t\t<\/div>\n\t\t\t\t<\/div>\n\t\t\t\t\t<\/div>\n\t\t<\/div>\n\t\t\t\t<div class=\"elementor-column elementor-col-33 elementor-top-column elementor-element elementor-element-2432db62\" data-id=\"2432db62\" data-element_type=\"column\">\n\t\t\t<div class=\"elementor-widget-wrap elementor-element-populated\">\n\t\t\t\t\t\t\t\t<div class=\"elementor-element elementor-element-5d7277ea elementor-widget elementor-widget-ld_content_box\" data-id=\"5d7277ea\" data-element_type=\"widget\" data-widget_type=\"ld_content_box.default\">\n\t\t\t\t<div class=\"elementor-widget-container\">\n\t\t\t \n\n\t\t<div class=\"lqd-fb pos-rel lqd-fb-style-4 lqd-fb-zoom-img-onhover\"  >\n\t\t\t\t\t<div class=\"lqd-fb-inner\">\n\n\t\t\t\t<div class=\"lqd-fb-img pos-rel overflow-hidden\">\n\t\t\t\t\t\n\t\t\t\t\t<figure class=\"w-100\">\n\t\t\t\t\t\t<img decoding=\"async\" class=\"w-100\" src=\"https:\/\/www.eserkimya.com.tr\/wp-content\/uploads\/2022\/12\/SAVUNMA-SANAYI-IHRACAT.jpg\">\t\t\t\t\t<\/figure>\n\t\t\t\t\t\t\n\t\t\t\t\t\n\t\t\t\t<\/div>\n\n\t\t\t\t<div class=\"lqd-fb-content pos-rel\">\n\t\t\t\t\t<div class=\"lqd-fb-bg lqd-overlay\"><\/div>\n\t\t\t\t\t<div class=\"lqd-fb-hover-overlay lqd-overlay\"><\/div>\n\t\t\t\t\t<div class=\"lqd-fb-content-inner pos-rel text-center p-5\">\n\n\t\t\t\t\t\t<h2 class=\"lqd-fb__title mt-0 mb-3 font-weight-normal \">Savunma Sanayii<\/h2>\t\t\t\t\t\t\n\t\t\t\t\t\t\t\t\t\t\t\t<p class=\"mt-0 mb-0\"> Tabanca, top ve t\u00fcfeklerin g\u00f6vde ve namlu i\u00e7leri ile roket vb. silahlarin muhtelif par\u00e7alarinin akimli - akimsiz kaplamalari.<\/p>\n\t\t\t\t\t\t\n\t\t\t\t\t<\/div>\n\t\t\t\t\t\n\t\t\t\t\t\n\t\t\t\t\t\t\t\t\t\t\n\t\t\t\t<\/div>\n\n\t\t\t<\/div>\n\t\t\t \n\t\t<\/div>\n\t\t\t\t<\/div>\n\t\t\t\t<\/div>\n\t\t\t\t\t<\/div>\n\t\t<\/div>\n\t\t\t\t\t\t\t<\/div>\n\t\t<\/section>\n\t\t\t\t\t\t\t<\/div>\n\t\t","protected":false},"excerpt":{"rendered":"<p>FAAL\u0130YET ALANLARIMIZ \u0130n\u015faat Banyo aksesuarlari, musluk vb. armat\u00fcrler, radyat\u00f6rler, kapi ve pencere kollari, mentese vb. b\u00fct\u00fcn metal baglanti par\u00e7alarinin dekoratif ve korozyon ama\u00e7li kaplamalari Tekstil ve Moda Fermuar, kemer tokasi, diger giyim aksesuarlari, g\u00f6zl\u00fck, s\u00fcs esyalari, bijuteri ve m\u00fccevherat i\u00e7in nikelsiz bronz, altin, g\u00fcm\u00fcs ve rodyum kaplamalar. Ev E\u015fyalar\u0131 Buzdolabi, firin vb. beyaz esya par\u00e7alarinin [&hellip;]<\/p>\n","protected":false},"author":1,"featured_media":0,"parent":0,"menu_order":0,"comment_status":"closed","ping_status":"closed","template":"","meta":{"footnotes":""},"class_list":["post-1052","page","type-page","status-publish","hentry"],"_links":{"self":[{"href":"https:\/\/www.eserkimya.com.tr\/index.php?rest_route=\/wp\/v2\/pages\/1052","targetHints":{"allow":["GET"]}}],"collection":[{"href":"https:\/\/www.eserkimya.com.tr\/index.php?rest_route=\/wp\/v2\/pages"}],"about":[{"href":"https:\/\/www.eserkimya.com.tr\/index.php?rest_route=\/wp\/v2\/types\/page"}],"author":[{"embeddable":true,"href":"https:\/\/www.eserkimya.com.tr\/index.php?rest_route=\/wp\/v2\/users\/1"}],"replies":[{"embeddable":true,"href":"https:\/\/www.eserkimya.com.tr\/index.php?rest_route=%2Fwp%2Fv2%2Fcomments&post=1052"}],"version-history":[{"count":5,"href":"https:\/\/www.eserkimya.com.tr\/index.php?rest_route=\/wp\/v2\/pages\/1052\/revisions"}],"predecessor-version":[{"id":1057,"href":"https:\/\/www.eserkimya.com.tr\/index.php?rest_route=\/wp\/v2\/pages\/1052\/revisions\/1057"}],"wp:attachment":[{"href":"https:\/\/www.eserkimya.com.tr\/index.php?rest_route=%2Fwp%2Fv2%2Fmedia&parent=1052"}],"curies":[{"name":"wp","href":"https:\/\/api.w.org\/{rel}","templated":true}]}}